{"id":1859,"date":"2025-03-22T15:13:31","date_gmt":"2025-03-22T15:13:31","guid":{"rendered":"http:\/\/www.analizteknik.com.tr\/test\/?page_id=1859"},"modified":"2025-04-30T19:43:14","modified_gmt":"2025-04-30T19:43:14","slug":"hakkimizda","status":"publish","type":"page","link":"https:\/\/www.analizteknik.com.tr\/?page_id=1859","title":{"rendered":"HAKKIMIZDA"},"content":{"rendered":"\t\t<div data-elementor-type=\"wp-page\" data-elementor-id=\"1859\" class=\"elementor elementor-1859\">\n\t\t\t\t<div class=\"elementor-element elementor-element-2d32fe4 e-grid e-con-boxed e-con e-parent\" data-id=\"2d32fe4\" data-element_type=\"container\" data-e-type=\"container\">\n\t\t\t\t\t<div class=\"e-con-inner\">\n\t\t\t\t<div class=\"elementor-element elementor-element-01df126 elementor-widget elementor-widget-text-editor\" data-id=\"01df126\" data-element_type=\"widget\" data-e-type=\"widget\" data-widget_type=\"text-editor.default\">\n\t\t\t\t<div class=\"elementor-widget-container\">\n\t\t\t\t\t\t\t\t\t<p>Analiz Teknik Beyaz E\u015fya Servisi; 18 y\u0131l\u0131 a\u015fk\u0131n tecr\u00fcbemizle siz de\u011ferli m\u00fc\u015fterilerimize kaliteli ve g\u00fcvenilir hizmet vermek i\u00e7in profesyonel ekibimiz ile 7\/24 hizmet vermektedir.<\/p>\n<p><!-- \/wp:paragraph --><!-- wp:paragraph --><\/p>\n<p>Analiz Teknik Beyaz E\u015fya Servisi y\u0131llar\u0131n vermi\u015f oldu\u011fu deneyim ile birlikte gen\u00e7, dinamik ekibimizle teknik servis sekt\u00f6r\u00fcnde hizmet vermekteyiz.<\/p>\n<p><!-- \/wp:paragraph --><!-- wp:paragraph --><\/p>\n<p>Bu sekt\u00f6rdeki deneyim ve tecr\u00fcbemizi \u0130stanbul genelinde Beyaz E\u015fya Servisi hizmeti olarak uzman kadromuz ile sizlere sunuyoruz.<\/p>\n<p><!-- \/wp:paragraph --><!-- wp:paragraph --><\/p>\n<p>En uygun \u00e7\u00f6z\u00fcmleri en ekonomik fiyatlar ile hizmetinize sunuyoruz.<!-- \/wp:paragraph --><\/p>\n<p><!-- wp:paragraph --><!-- \/wp:paragraph --><!-- wp:paragraph --><\/p>\n<p>Analiz Teknik Beyaz E\u015fya Servisi olarak, Buzdolab\u0131, \u00c7ama\u015f\u0131r Makinesi, Bula\u015f\u0131k Makinesi, Klima Teknik Servis, Ev Aletleri, kombi, klima, s\u00fcp\u00fcrge, vb. cihazlar\u0131n tamir, bak\u0131m, onar\u0131m, hizmetini sunmaktay\u0131z.<\/p>\n<p><!-- \/wp:paragraph --><!-- wp:paragraph --><\/p>\n<p>Analiz Teknik, Beyaz E\u015fya Teknik Servisi sekt\u00f6r\u00fc i\u00e7erisinde s\u00fcrekli kendini yenileyerek m\u00fc\u015fterilerimize her zaman daha kaliteli hizmet verme \u00e7abas\u0131 i\u00e7inde olup m\u00fc\u015fteri memnuniyetini de \u00f6nemsemektedir.<\/p>\n<p><!-- \/wp:paragraph --><!-- wp:paragraph --><\/p>\n<p>\u00d6nceli\u011fimiz m\u00fc\u015fteri memnuniyeti yan\u0131 s\u0131ra h\u0131zl\u0131 ve uygun maliyet ile sizlere kaliteli servis imkan\u0131 sunmakt\u0131r.<\/p>\n<p><!-- \/wp:paragraph --><\/p>\n<p><!-- \/wp:paragraph --><!-- wp:paragraph --><\/p>\t\t\t\t\t\t\t\t<\/div>\n\t\t\t\t<\/div>\n\t\t\t\t<div class=\"elementor-element elementor-element-093b91c elementor-widget elementor-widget-image\" data-id=\"093b91c\" data-element_type=\"widget\" data-e-type=\"widget\" data-widget_type=\"image.default\">\n\t\t\t\t<div class=\"elementor-widget-container\">\n\t\t\t\t\t\t\t\t\t\t\t\t\t\t\t<img fetchpriority=\"high\" decoding=\"async\" width=\"768\" height=\"966\" src=\"https:\/\/www.analizteknik.com.tr\/wp-content\/uploads\/2025\/04\/analizteknik-ofis-768x966.jpeg\" class=\"attachment-medium_large size-medium_large wp-image-2240\" alt=\"\" srcset=\"https:\/\/www.analizteknik.com.tr\/wp-content\/uploads\/2025\/04\/analizteknik-ofis-768x966.jpeg 768w, https:\/\/www.analizteknik.com.tr\/wp-content\/uploads\/2025\/04\/analizteknik-ofis-239x300.jpeg 239w, https:\/\/www.analizteknik.com.tr\/wp-content\/uploads\/2025\/04\/analizteknik-ofis-814x1024.jpeg 814w, https:\/\/www.analizteknik.com.tr\/wp-content\/uploads\/2025\/04\/analizteknik-ofis-1221x1536.jpeg 1221w, https:\/\/www.analizteknik.com.tr\/wp-content\/uploads\/2025\/04\/analizteknik-ofis.jpeg 1231w\" sizes=\"(max-width: 768px) 100vw, 768px\" \/>\t\t\t\t\t\t\t\t\t\t\t\t\t\t\t<\/div>\n\t\t\t\t<\/div>\n\t\t\t\t\t<\/div>\n\t\t\t\t<\/div>\n\t\t\t\t<\/div>\n\t\t","protected":false},"excerpt":{"rendered":"<p>Analiz Teknik Beyaz E\u015fya Servisi; 18 y\u0131l\u0131 a\u015fk\u0131n tecr\u00fcbemizle siz de\u011ferli m\u00fc\u015fterilerimize kaliteli ve g\u00fcvenilir hizmet vermek i\u00e7in profesyonel ekibimiz ile 7\/24 hizmet vermektedir. Analiz Teknik Beyaz E\u015fya Servisi y\u0131llar\u0131n vermi\u015f oldu\u011fu deneyim ile birlikte gen\u00e7, dinamik ekibimizle teknik servis sekt\u00f6r\u00fcnde hizmet vermekteyiz. Bu sekt\u00f6rdeki deneyim ve tecr\u00fcbemizi \u0130stanbul genelinde Beyaz E\u015fya Servisi hizmeti olarak uzman kadromuz ile sizlere sunuyoruz. En uygun \u00e7\u00f6z\u00fcmleri en ekonomik fiyatlar ile hizmetinize sunuyoruz. Analiz Teknik Beyaz E\u015fya Servisi olarak, Buzdolab\u0131, \u00c7ama\u015f\u0131r Makinesi, Bula\u015f\u0131k Makinesi, Klima Teknik Servis, Ev Aletleri, kombi, klima, s\u00fcp\u00fcrge, vb. cihazlar\u0131n tamir, bak\u0131m, onar\u0131m, hizmetini sunmaktay\u0131z. Analiz Teknik, Beyaz E\u015fya Teknik&#8230; <\/p>\n","protected":false},"author":2,"featured_media":0,"parent":0,"menu_order":0,"comment_status":"closed","ping_status":"closed","template":"template-parts\/template-full-width.php","meta":{"_joinchat":[],"footnotes":""},"class_list":["post-1859","page","type-page","status-publish","hentry"],"yoast_head":"<!-- This site is optimized with the Yoast SEO plugin v27.4 - https:\/\/yoast.com\/product\/yoast-seo-wordpress\/ -->\n<title>HAKKIMIZDA - Analiz Teknik<\/title>\n<meta name=\"robots\" content=\"index, follow, max-snippet:-1, max-image-preview:large, max-video-preview:-1\" \/>\n<link rel=\"canonical\" href=\"https:\/\/www.analizteknik.com.tr\/?page_id=1859\" \/>\n<meta property=\"og:locale\" content=\"tr_TR\" \/>\n<meta property=\"og:type\" content=\"article\" \/>\n<meta property=\"og:title\" content=\"HAKKIMIZDA - Analiz Teknik\" \/>\n<meta property=\"og:description\" content=\"Analiz Teknik Beyaz E\u015fya Servisi; 18 y\u0131l\u0131 a\u015fk\u0131n tecr\u00fcbemizle siz de\u011ferli m\u00fc\u015fterilerimize kaliteli ve g\u00fcvenilir hizmet vermek i\u00e7in profesyonel ekibimiz ile 7\/24 hizmet vermektedir. Analiz Teknik Beyaz E\u015fya Servisi y\u0131llar\u0131n vermi\u015f oldu\u011fu deneyim ile birlikte gen\u00e7, dinamik ekibimizle teknik servis sekt\u00f6r\u00fcnde hizmet vermekteyiz. Bu sekt\u00f6rdeki deneyim ve tecr\u00fcbemizi \u0130stanbul genelinde Beyaz E\u015fya Servisi hizmeti olarak uzman kadromuz ile sizlere sunuyoruz. En uygun \u00e7\u00f6z\u00fcmleri en ekonomik fiyatlar ile hizmetinize sunuyoruz. Analiz Teknik Beyaz E\u015fya Servisi olarak, Buzdolab\u0131, \u00c7ama\u015f\u0131r Makinesi, Bula\u015f\u0131k Makinesi, Klima Teknik Servis, Ev Aletleri, kombi, klima, s\u00fcp\u00fcrge, vb. cihazlar\u0131n tamir, bak\u0131m, onar\u0131m, hizmetini sunmaktay\u0131z. Analiz Teknik, Beyaz E\u015fya Teknik...\" \/>\n<meta property=\"og:url\" content=\"https:\/\/www.analizteknik.com.tr\/?page_id=1859\" \/>\n<meta property=\"og:site_name\" content=\"Analiz Teknik\" \/>\n<meta property=\"article:modified_time\" content=\"2025-04-30T19:43:14+00:00\" \/>\n<meta property=\"og:image\" content=\"https:\/\/www.analizteknik.com.tr\/wp-content\/uploads\/2025\/04\/analizteknik-ofis.jpeg\" \/>\n\t<meta property=\"og:image:width\" content=\"1231\" \/>\n\t<meta property=\"og:image:height\" content=\"1548\" \/>\n\t<meta property=\"og:image:type\" content=\"image\/jpeg\" \/>\n<meta name=\"twitter:card\" content=\"summary_large_image\" \/>\n<meta name=\"twitter:label1\" content=\"Tahmini okuma s\u00fcresi\" \/>\n\t<meta name=\"twitter:data1\" content=\"1 dakika\" \/>\n<script type=\"application\/ld+json\" class=\"yoast-schema-graph\">{\"@context\":\"https:\\\/\\\/schema.org\",\"@graph\":[{\"@type\":\"WebPage\",\"@id\":\"https:\\\/\\\/www.analizteknik.com.tr\\\/?page_id=1859\",\"url\":\"https:\\\/\\\/www.analizteknik.com.tr\\\/?page_id=1859\",\"name\":\"HAKKIMIZDA - Analiz Teknik\",\"isPartOf\":{\"@id\":\"https:\\\/\\\/www.analizteknik.com.tr\\\/#website\"},\"primaryImageOfPage\":{\"@id\":\"https:\\\/\\\/www.analizteknik.com.tr\\\/?page_id=1859#primaryimage\"},\"image\":{\"@id\":\"https:\\\/\\\/www.analizteknik.com.tr\\\/?page_id=1859#primaryimage\"},\"thumbnailUrl\":\"https:\\\/\\\/www.analizteknik.com.tr\\\/wp-content\\\/uploads\\\/2025\\\/04\\\/analizteknik-ofis-768x966.jpeg\",\"datePublished\":\"2025-03-22T15:13:31+00:00\",\"dateModified\":\"2025-04-30T19:43:14+00:00\",\"breadcrumb\":{\"@id\":\"https:\\\/\\\/www.analizteknik.com.tr\\\/?page_id=1859#breadcrumb\"},\"inLanguage\":\"tr\",\"potentialAction\":[{\"@type\":\"ReadAction\",\"target\":[\"https:\\\/\\\/www.analizteknik.com.tr\\\/?page_id=1859\"]}]},{\"@type\":\"ImageObject\",\"inLanguage\":\"tr\",\"@id\":\"https:\\\/\\\/www.analizteknik.com.tr\\\/?page_id=1859#primaryimage\",\"url\":\"https:\\\/\\\/www.analizteknik.com.tr\\\/wp-content\\\/uploads\\\/2025\\\/04\\\/analizteknik-ofis.jpeg\",\"contentUrl\":\"https:\\\/\\\/www.analizteknik.com.tr\\\/wp-content\\\/uploads\\\/2025\\\/04\\\/analizteknik-ofis.jpeg\",\"width\":1231,\"height\":1548},{\"@type\":\"BreadcrumbList\",\"@id\":\"https:\\\/\\\/www.analizteknik.com.tr\\\/?page_id=1859#breadcrumb\",\"itemListElement\":[{\"@type\":\"ListItem\",\"position\":1,\"name\":\"Anasayfa\",\"item\":\"https:\\\/\\\/www.analizteknik.com.tr\\\/\"},{\"@type\":\"ListItem\",\"position\":2,\"name\":\"HAKKIMIZDA\"}]},{\"@type\":\"WebSite\",\"@id\":\"https:\\\/\\\/www.analizteknik.com.tr\\\/#website\",\"url\":\"https:\\\/\\\/www.analizteknik.com.tr\\\/\",\"name\":\"Analiz Teknik\",\"description\":\"Kombi - Klima - Beyaz e\u015fya Teknik Servisi\",\"publisher\":{\"@id\":\"https:\\\/\\\/www.analizteknik.com.tr\\\/#organization\"},\"potentialAction\":[{\"@type\":\"SearchAction\",\"target\":{\"@type\":\"EntryPoint\",\"urlTemplate\":\"https:\\\/\\\/www.analizteknik.com.tr\\\/?s={search_term_string}\"},\"query-input\":{\"@type\":\"PropertyValueSpecification\",\"valueRequired\":true,\"valueName\":\"search_term_string\"}}],\"inLanguage\":\"tr\"},{\"@type\":\"Organization\",\"@id\":\"https:\\\/\\\/www.analizteknik.com.tr\\\/#organization\",\"name\":\"Analiz Teknik\",\"url\":\"https:\\\/\\\/www.analizteknik.com.tr\\\/\",\"logo\":{\"@type\":\"ImageObject\",\"inLanguage\":\"tr\",\"@id\":\"https:\\\/\\\/www.analizteknik.com.tr\\\/#\\\/schema\\\/logo\\\/image\\\/\",\"url\":\"https:\\\/\\\/www.analizteknik.com.tr\\\/wp-content\\\/uploads\\\/2025\\\/03\\\/analiztekniklogo.png\",\"contentUrl\":\"https:\\\/\\\/www.analizteknik.com.tr\\\/wp-content\\\/uploads\\\/2025\\\/03\\\/analiztekniklogo.png\",\"width\":190,\"height\":61,\"caption\":\"Analiz Teknik\"},\"image\":{\"@id\":\"https:\\\/\\\/www.analizteknik.com.tr\\\/#\\\/schema\\\/logo\\\/image\\\/\"}}]}<\/script>\n<!-- \/ Yoast SEO plugin. -->","yoast_head_json":{"title":"HAKKIMIZDA - Analiz Teknik","robots":{"index":"index","follow":"follow","max-snippet":"max-snippet:-1","max-image-preview":"max-image-preview:large","max-video-preview":"max-video-preview:-1"},"canonical":"https:\/\/www.analizteknik.com.tr\/?page_id=1859","og_locale":"tr_TR","og_type":"article","og_title":"HAKKIMIZDA - Analiz Teknik","og_description":"Analiz Teknik Beyaz E\u015fya Servisi; 18 y\u0131l\u0131 a\u015fk\u0131n tecr\u00fcbemizle siz de\u011ferli m\u00fc\u015fterilerimize kaliteli ve g\u00fcvenilir hizmet vermek i\u00e7in profesyonel ekibimiz ile 7\/24 hizmet vermektedir. Analiz Teknik Beyaz E\u015fya Servisi y\u0131llar\u0131n vermi\u015f oldu\u011fu deneyim ile birlikte gen\u00e7, dinamik ekibimizle teknik servis sekt\u00f6r\u00fcnde hizmet vermekteyiz. Bu sekt\u00f6rdeki deneyim ve tecr\u00fcbemizi \u0130stanbul genelinde Beyaz E\u015fya Servisi hizmeti olarak uzman kadromuz ile sizlere sunuyoruz. En uygun \u00e7\u00f6z\u00fcmleri en ekonomik fiyatlar ile hizmetinize sunuyoruz. Analiz Teknik Beyaz E\u015fya Servisi olarak, Buzdolab\u0131, \u00c7ama\u015f\u0131r Makinesi, Bula\u015f\u0131k Makinesi, Klima Teknik Servis, Ev Aletleri, kombi, klima, s\u00fcp\u00fcrge, vb. cihazlar\u0131n tamir, bak\u0131m, onar\u0131m, hizmetini sunmaktay\u0131z. Analiz Teknik, Beyaz E\u015fya Teknik...","og_url":"https:\/\/www.analizteknik.com.tr\/?page_id=1859","og_site_name":"Analiz Teknik","article_modified_time":"2025-04-30T19:43:14+00:00","og_image":[{"width":1231,"height":1548,"url":"https:\/\/www.analizteknik.com.tr\/wp-content\/uploads\/2025\/04\/analizteknik-ofis.jpeg","type":"image\/jpeg"}],"twitter_card":"summary_large_image","twitter_misc":{"Tahmini okuma s\u00fcresi":"1 dakika"},"schema":{"@context":"https:\/\/schema.org","@graph":[{"@type":"WebPage","@id":"https:\/\/www.analizteknik.com.tr\/?page_id=1859","url":"https:\/\/www.analizteknik.com.tr\/?page_id=1859","name":"HAKKIMIZDA - Analiz Teknik","isPartOf":{"@id":"https:\/\/www.analizteknik.com.tr\/#website"},"primaryImageOfPage":{"@id":"https:\/\/www.analizteknik.com.tr\/?page_id=1859#primaryimage"},"image":{"@id":"https:\/\/www.analizteknik.com.tr\/?page_id=1859#primaryimage"},"thumbnailUrl":"https:\/\/www.analizteknik.com.tr\/wp-content\/uploads\/2025\/04\/analizteknik-ofis-768x966.jpeg","datePublished":"2025-03-22T15:13:31+00:00","dateModified":"2025-04-30T19:43:14+00:00","breadcrumb":{"@id":"https:\/\/www.analizteknik.com.tr\/?page_id=1859#breadcrumb"},"inLanguage":"tr","potentialAction":[{"@type":"ReadAction","target":["https:\/\/www.analizteknik.com.tr\/?page_id=1859"]}]},{"@type":"ImageObject","inLanguage":"tr","@id":"https:\/\/www.analizteknik.com.tr\/?page_id=1859#primaryimage","url":"https:\/\/www.analizteknik.com.tr\/wp-content\/uploads\/2025\/04\/analizteknik-ofis.jpeg","contentUrl":"https:\/\/www.analizteknik.com.tr\/wp-content\/uploads\/2025\/04\/analizteknik-ofis.jpeg","width":1231,"height":1548},{"@type":"BreadcrumbList","@id":"https:\/\/www.analizteknik.com.tr\/?page_id=1859#breadcrumb","itemListElement":[{"@type":"ListItem","position":1,"name":"Anasayfa","item":"https:\/\/www.analizteknik.com.tr\/"},{"@type":"ListItem","position":2,"name":"HAKKIMIZDA"}]},{"@type":"WebSite","@id":"https:\/\/www.analizteknik.com.tr\/#website","url":"https:\/\/www.analizteknik.com.tr\/","name":"Analiz Teknik","description":"Kombi - Klima - Beyaz e\u015fya Teknik Servisi","publisher":{"@id":"https:\/\/www.analizteknik.com.tr\/#organization"},"potentialAction":[{"@type":"SearchAction","target":{"@type":"EntryPoint","urlTemplate":"https:\/\/www.analizteknik.com.tr\/?s={search_term_string}"},"query-input":{"@type":"PropertyValueSpecification","valueRequired":true,"valueName":"search_term_string"}}],"inLanguage":"tr"},{"@type":"Organization","@id":"https:\/\/www.analizteknik.com.tr\/#organization","name":"Analiz Teknik","url":"https:\/\/www.analizteknik.com.tr\/","logo":{"@type":"ImageObject","inLanguage":"tr","@id":"https:\/\/www.analizteknik.com.tr\/#\/schema\/logo\/image\/","url":"https:\/\/www.analizteknik.com.tr\/wp-content\/uploads\/2025\/03\/analiztekniklogo.png","contentUrl":"https:\/\/www.analizteknik.com.tr\/wp-content\/uploads\/2025\/03\/analiztekniklogo.png","width":190,"height":61,"caption":"Analiz Teknik"},"image":{"@id":"https:\/\/www.analizteknik.com.tr\/#\/schema\/logo\/image\/"}}]}},"_links":{"self":[{"href":"https:\/\/www.analizteknik.com.tr\/index.php?rest_route=\/wp\/v2\/pages\/1859","targetHints":{"allow":["GET"]}}],"collection":[{"href":"https:\/\/www.analizteknik.com.tr\/index.php?rest_route=\/wp\/v2\/pages"}],"about":[{"href":"https:\/\/www.analizteknik.com.tr\/index.php?rest_route=\/wp\/v2\/types\/page"}],"author":[{"embeddable":true,"href":"https:\/\/www.analizteknik.com.tr\/index.php?rest_route=\/wp\/v2\/users\/2"}],"replies":[{"embeddable":true,"href":"https:\/\/www.analizteknik.com.tr\/index.php?rest_route=%2Fwp%2Fv2%2Fcomments&post=1859"}],"version-history":[{"count":13,"href":"https:\/\/www.analizteknik.com.tr\/index.php?rest_route=\/wp\/v2\/pages\/1859\/revisions"}],"predecessor-version":[{"id":2249,"href":"https:\/\/www.analizteknik.com.tr\/index.php?rest_route=\/wp\/v2\/pages\/1859\/revisions\/2249"}],"wp:attachment":[{"href":"https:\/\/www.analizteknik.com.tr\/index.php?rest_route=%2Fwp%2Fv2%2Fmedia&parent=1859"}],"curies":[{"name":"wp","href":"https:\/\/api.w.org\/{rel}","templated":true}]}}