{"id":1862,"date":"2025-03-22T15:13:33","date_gmt":"2025-03-22T15:13:33","guid":{"rendered":"http:\/\/www.analizteknik.com.tr\/test\/?page_id=1862"},"modified":"2025-11-20T20:13:30","modified_gmt":"2025-11-20T20:13:30","slug":"iletisim","status":"publish","type":"page","link":"https:\/\/www.analizteknik.com.tr\/?page_id=1862","title":{"rendered":"\u0130LET\u0130\u015e\u0130M"},"content":{"rendered":"\t\t<div data-elementor-type=\"wp-page\" data-elementor-id=\"1862\" class=\"elementor elementor-1862\">\n\t\t\t\t<div class=\"elementor-element elementor-element-3a9fd32 e-grid e-con-boxed e-con e-parent\" data-id=\"3a9fd32\" data-element_type=\"container\" data-e-type=\"container\">\n\t\t\t\t\t<div class=\"e-con-inner\">\n\t\t\t\t<div class=\"elementor-element elementor-element-938a03a elementor-widget elementor-widget-text-editor\" data-id=\"938a03a\" data-element_type=\"widget\" data-e-type=\"widget\" data-widget_type=\"text-editor.default\">\n\t\t\t\t<div class=\"elementor-widget-container\">\n\t\t\t\t\t\t\t\t\t<p><\/p>\n<p><strong>B\u0130ZE ULA\u015eINIZ<\/strong><\/p>\n<p><\/p>\n<p><strong>ANAL\u0130Z TEKN\u0130K BEYAZ E\u015eYA SERV\u0130S\u0130<\/strong><\/p>\n<p><\/p>\n<p><strong>Adres:<\/strong> Haznedar Mah. Cami sokak No: 51b 34160 G\u00fcng\u00f6ren \/ \u0130STANBUL<\/p>\n<p><\/p>\n<p><strong>Tel &amp;\u00a0 Fax:<\/strong>\u00a0(0212) 416 10 38<\/p>\n<p><\/p>\n<p><strong>Gsm:<\/strong>\u00a0(0533) 616 41 00<\/p>\n<p><\/p>\n<p><strong>WhatsApp:<\/strong>\u00a0(0533) 616 41 00<\/p>\n<p><\/p>\n<p><strong>E-posta:\u00a0<\/strong><a href=\"mailto:analizteknikservishizmetleri@gmail.com\">analizteknikservishizmetleri@gmail.com<\/a><\/p>\n<p><\/p>\n<p>\u00a0<\/p>\n<p><\/p>\t\t\t\t\t\t\t\t<\/div>\n\t\t\t\t<\/div>\n\t\t\t\t<div class=\"elementor-element elementor-element-a6109b4 elementor-widget elementor-widget-image\" data-id=\"a6109b4\" data-element_type=\"widget\" data-e-type=\"widget\" data-widget_type=\"image.default\">\n\t\t\t\t<div class=\"elementor-widget-container\">\n\t\t\t\t\t\t\t\t\t\t\t\t\t\t\t<img fetchpriority=\"high\" decoding=\"async\" width=\"1024\" height=\"823\" src=\"https:\/\/www.analizteknik.com.tr\/wp-content\/uploads\/2025\/05\/analizteknik-giris-1024x823.jpeg\" class=\"attachment-large size-large wp-image-2252\" alt=\"\" srcset=\"https:\/\/www.analizteknik.com.tr\/wp-content\/uploads\/2025\/05\/analizteknik-giris-1024x823.jpeg 1024w, https:\/\/www.analizteknik.com.tr\/wp-content\/uploads\/2025\/05\/analizteknik-giris-300x241.jpeg 300w, https:\/\/www.analizteknik.com.tr\/wp-content\/uploads\/2025\/05\/analizteknik-giris-768x617.jpeg 768w, https:\/\/www.analizteknik.com.tr\/wp-content\/uploads\/2025\/05\/analizteknik-giris.jpeg 1166w\" sizes=\"(max-width: 1024px) 100vw, 1024px\" \/>\t\t\t\t\t\t\t\t\t\t\t\t\t\t\t<\/div>\n\t\t\t\t<\/div>\n\t\t\t\t\t<\/div>\n\t\t\t\t<\/div>\n\t\t<div class=\"elementor-element elementor-element-0397899 e-grid e-con-boxed e-con e-parent\" data-id=\"0397899\" data-element_type=\"container\" data-e-type=\"container\">\n\t\t\t\t\t<div class=\"e-con-inner\">\n\t\t\t\t<div class=\"elementor-element elementor-element-ea5160f elementor-widget elementor-widget-text-editor\" data-id=\"ea5160f\" data-element_type=\"widget\" data-e-type=\"widget\" data-widget_type=\"text-editor.default\">\n\t\t\t\t<div class=\"elementor-widget-container\">\n\t\t\t\t\t\t\t\t\t<p><iframe style=\"border: 0;\" src=\"https:\/\/www.google.com\/maps\/embed?pb=!1m18!1m12!1m3!1d188.16061322709956!2d28.87064933920839!3d41.01278807887788!2m3!1f0!2f0!3f0!3m2!1i1024!2i768!4f13.1!3m3!1m2!1s0x14cabb3064df3b6d%3A0x39c49e8a3db51a35!2zSGF6bmVkYXIsIENhbWkgU2suIE5vOjUxLCAzNDE2MCBHw7xuZ8O2cmVuL8Swc3RhbmJ1bA!5e0!3m2!1str!2str!4v1744561568964!5m2!1str!2str\" width=\"600\" height=\"450\" allowfullscreen=\"allowfullscreen\"><\/iframe><\/p>\t\t\t\t\t\t\t\t<\/div>\n\t\t\t\t<\/div>\n\t\t\t\t\t<\/div>\n\t\t\t\t<\/div>\n\t\t<div class=\"elementor-element elementor-element-8ec727f e-grid e-con-boxed e-con e-parent\" data-id=\"8ec727f\" data-element_type=\"container\" data-e-type=\"container\">\n\t\t\t\t\t<div class=\"e-con-inner\">\n\t\t\t\t<div class=\"elementor-element elementor-element-60f6a80 elementor-widget elementor-widget-heading\" data-id=\"60f6a80\" data-element_type=\"widget\" data-e-type=\"widget\" data-widget_type=\"heading.default\">\n\t\t\t\t<div class=\"elementor-widget-container\">\n\t\t\t\t\t<h2 class=\"elementor-heading-title elementor-size-default\">SERV\u0130S B\u00d6LGELER\u0130<\/h2>\t\t\t\t<\/div>\n\t\t\t\t<\/div>\n\t\t\t\t\t<\/div>\n\t\t\t\t<\/div>\n\t\t<div class=\"elementor-element elementor-element-e2b026b e-grid e-con-boxed e-con e-parent\" data-id=\"e2b026b\" data-element_type=\"container\" data-e-type=\"container\">\n\t\t\t\t\t<div class=\"e-con-inner\">\n\t\t\t\t<div class=\"elementor-element elementor-element-c756708 elementor-widget elementor-widget-text-editor\" data-id=\"c756708\" data-element_type=\"widget\" data-e-type=\"widget\" data-widget_type=\"text-editor.default\">\n\t\t\t\t<div class=\"elementor-widget-container\">\n\t\t\t\t\t\t\t\t\t<p>Arnavutk\u00f6y Kombi Servisi<br \/>Avc\u0131lar Kombi Servisi<br \/>Ba\u011fc\u0131lar Kombi Servisi<br \/>Bayrampa\u015fa Kombi Servisi<br \/>Bah\u00e7elievler Kombi Servisi<br \/>Ba\u015fak\u015fehir Kombi Servisi<br \/>Bah\u00e7e\u015fehir Kombi Servisi<br \/><a href=\"http:\/\/www.istanbulkombicisi.com\/bakirkoy\/\" target=\"_blank\" rel=\"noopener\">Bak\u0131rk\u00f6y Kombi Servisi<\/a><br \/>Beylikd\u00fcz\u00fc Kombi Servisi<\/p>\t\t\t\t\t\t\t\t<\/div>\n\t\t\t\t<\/div>\n\t\t\t\t<div class=\"elementor-element elementor-element-d0c37d7 elementor-widget elementor-widget-text-editor\" data-id=\"d0c37d7\" data-element_type=\"widget\" data-e-type=\"widget\" data-widget_type=\"text-editor.default\">\n\t\t\t\t<div class=\"elementor-widget-container\">\n\t\t\t\t\t\t\t\t\t<p>Beyo\u011flu Kombi Servisi<br \/>Be\u015fikta\u015f Kombi Servisi<br \/>B\u00fcy\u00fck\u00e7ekmece Kombi Servisi<br \/>Esenler Kombi Servisi<br \/>Esenyurt Kombi Servisi<br \/>Sar\u0131yer Kombi Servisi<br \/>K\u00fc\u00e7\u00fck\u00e7ekmece Kombi Servisi<br \/>Ka\u011f\u0131thane Kombi Servisi<br \/>G\u00fcng\u00f6ren Kombi Servisi<\/p>\t\t\t\t\t\t\t\t<\/div>\n\t\t\t\t<\/div>\n\t\t\t\t<div class=\"elementor-element elementor-element-f5e383f elementor-widget elementor-widget-text-editor\" data-id=\"f5e383f\" data-element_type=\"widget\" data-e-type=\"widget\" data-widget_type=\"text-editor.default\">\n\t\t\t\t<div class=\"elementor-widget-container\">\n\t\t\t\t\t\t\t\t\t<p>Gaziosmanpa\u015fa Kombi Servisi<br \/>Fatih Kombi Servisi<br \/>\u015ei\u015fli Kombi Servisi<br \/>Ey\u00fcp Kombi Servisi<br \/>Sultangazi Kombi Servisi<br \/>Zeytinburnu Kombi Servisi<br \/>Ata\u015fehir Kombi Servisi<br \/>Kad\u0131k\u00f6y Kombi Servisi<br \/>Maltepe Kombi Servisi<\/p>\t\t\t\t\t\t\t\t<\/div>\n\t\t\t\t<\/div>\n\t\t\t\t<div class=\"elementor-element elementor-element-8eb1b0e elementor-widget elementor-widget-text-editor\" data-id=\"8eb1b0e\" data-element_type=\"widget\" data-e-type=\"widget\" data-widget_type=\"text-editor.default\">\n\t\t\t\t<div class=\"elementor-widget-container\">\n\t\t\t\t\t\t\t\t\t<p>Beykoz Kombi Servisi<br \/>Sultanbeyli Kombi Servisi<br \/>Tuzla Kombi Servisi<br \/>Sancaktepe Kombi Servisi<br \/>Kartal Kombi Servisi<br \/>Pendik Kombi Servisi<br \/>\u00c7ekmek\u00f6y Kombi Servisi<br \/>\u00dcsk\u00fcdar Kombi Servisi<br \/>\u00dcmraniye Kombi Servisi<\/p>\t\t\t\t\t\t\t\t<\/div>\n\t\t\t\t<\/div>\n\t\t\t\t\t<\/div>\n\t\t\t\t<\/div>\n\t\t\t\t<\/div>\n\t\t","protected":false},"excerpt":{"rendered":"<p>B\u0130ZE ULA\u015eINIZ ANAL\u0130Z TEKN\u0130K BEYAZ E\u015eYA SERV\u0130S\u0130 Adres: Haznedar Mah. Cami sokak No: 51b 34160 G\u00fcng\u00f6ren \/ \u0130STANBUL Tel &amp;\u00a0 Fax:\u00a0(0212) 416 10 38 Gsm:\u00a0(0533) 616 41 00 WhatsApp:\u00a0(0533) 616 41 00 E-posta:\u00a0analizteknikservishizmetleri@gmail.com &nbsp; SERV\u0130S B\u00d6LGELER\u0130 Arnavutk\u00f6y Kombi ServisiAvc\u0131lar Kombi ServisiBa\u011fc\u0131lar Kombi ServisiBayrampa\u015fa Kombi ServisiBah\u00e7elievler Kombi ServisiBa\u015fak\u015fehir Kombi ServisiBah\u00e7e\u015fehir Kombi ServisiBak\u0131rk\u00f6y Kombi ServisiBeylikd\u00fcz\u00fc Kombi Servisi Beyo\u011flu Kombi ServisiBe\u015fikta\u015f Kombi ServisiB\u00fcy\u00fck\u00e7ekmece Kombi ServisiEsenler Kombi ServisiEsenyurt Kombi ServisiSar\u0131yer Kombi ServisiK\u00fc\u00e7\u00fck\u00e7ekmece Kombi ServisiKa\u011f\u0131thane Kombi ServisiG\u00fcng\u00f6ren Kombi Servisi Gaziosmanpa\u015fa Kombi ServisiFatih Kombi Servisi\u015ei\u015fli Kombi ServisiEy\u00fcp Kombi ServisiSultangazi Kombi ServisiZeytinburnu Kombi ServisiAta\u015fehir Kombi ServisiKad\u0131k\u00f6y Kombi ServisiMaltepe Kombi Servisi Beykoz Kombi ServisiSultanbeyli Kombi ServisiTuzla Kombi ServisiSancaktepe&#8230; <\/p>\n","protected":false},"author":2,"featured_media":0,"parent":0,"menu_order":0,"comment_status":"closed","ping_status":"closed","template":"template-parts\/template-full-width.php","meta":{"_joinchat":[],"footnotes":""},"class_list":["post-1862","page","type-page","status-publish","hentry"],"yoast_head":"<!-- This site is optimized with the Yoast SEO plugin v27.4 - https:\/\/yoast.com\/product\/yoast-seo-wordpress\/ -->\n<title>\u0130LET\u0130\u015e\u0130M - Analiz Teknik<\/title>\n<meta name=\"robots\" content=\"index, follow, max-snippet:-1, max-image-preview:large, max-video-preview:-1\" \/>\n<link rel=\"canonical\" href=\"https:\/\/www.analizteknik.com.tr\/?page_id=1862\" \/>\n<meta property=\"og:locale\" content=\"tr_TR\" \/>\n<meta property=\"og:type\" content=\"article\" \/>\n<meta property=\"og:title\" content=\"\u0130LET\u0130\u015e\u0130M - Analiz Teknik\" \/>\n<meta property=\"og:description\" content=\"B\u0130ZE ULA\u015eINIZ ANAL\u0130Z TEKN\u0130K BEYAZ E\u015eYA SERV\u0130S\u0130 Adres: Haznedar Mah. Cami sokak No: 51b 34160 G\u00fcng\u00f6ren \/ \u0130STANBUL Tel &amp;\u00a0 Fax:\u00a0(0212) 416 10 38 Gsm:\u00a0(0533) 616 41 00 WhatsApp:\u00a0(0533) 616 41 00 E-posta:\u00a0analizteknikservishizmetleri@gmail.com &nbsp; SERV\u0130S B\u00d6LGELER\u0130 Arnavutk\u00f6y Kombi ServisiAvc\u0131lar Kombi ServisiBa\u011fc\u0131lar Kombi ServisiBayrampa\u015fa Kombi ServisiBah\u00e7elievler Kombi ServisiBa\u015fak\u015fehir Kombi ServisiBah\u00e7e\u015fehir Kombi ServisiBak\u0131rk\u00f6y Kombi ServisiBeylikd\u00fcz\u00fc Kombi Servisi Beyo\u011flu Kombi ServisiBe\u015fikta\u015f Kombi ServisiB\u00fcy\u00fck\u00e7ekmece Kombi ServisiEsenler Kombi ServisiEsenyurt Kombi ServisiSar\u0131yer Kombi ServisiK\u00fc\u00e7\u00fck\u00e7ekmece Kombi ServisiKa\u011f\u0131thane Kombi ServisiG\u00fcng\u00f6ren Kombi Servisi Gaziosmanpa\u015fa Kombi ServisiFatih Kombi Servisi\u015ei\u015fli Kombi ServisiEy\u00fcp Kombi ServisiSultangazi Kombi ServisiZeytinburnu Kombi ServisiAta\u015fehir Kombi ServisiKad\u0131k\u00f6y Kombi ServisiMaltepe Kombi Servisi Beykoz Kombi ServisiSultanbeyli Kombi ServisiTuzla Kombi ServisiSancaktepe...\" \/>\n<meta property=\"og:url\" content=\"https:\/\/www.analizteknik.com.tr\/?page_id=1862\" \/>\n<meta property=\"og:site_name\" content=\"Analiz Teknik\" \/>\n<meta property=\"article:modified_time\" content=\"2025-11-20T20:13:30+00:00\" \/>\n<meta property=\"og:image\" content=\"https:\/\/www.analizteknik.com.tr\/wp-content\/uploads\/2025\/05\/analizteknik-giris-1024x823.jpeg\" \/>\n<meta name=\"twitter:card\" content=\"summary_large_image\" \/>\n<meta name=\"twitter:label1\" content=\"Tahmini okuma s\u00fcresi\" \/>\n\t<meta name=\"twitter:data1\" content=\"2 dakika\" \/>\n<script type=\"application\/ld+json\" class=\"yoast-schema-graph\">{\"@context\":\"https:\\\/\\\/schema.org\",\"@graph\":[{\"@type\":\"WebPage\",\"@id\":\"https:\\\/\\\/www.analizteknik.com.tr\\\/?page_id=1862\",\"url\":\"https:\\\/\\\/www.analizteknik.com.tr\\\/?page_id=1862\",\"name\":\"\u0130LET\u0130\u015e\u0130M - Analiz Teknik\",\"isPartOf\":{\"@id\":\"https:\\\/\\\/www.analizteknik.com.tr\\\/#website\"},\"primaryImageOfPage\":{\"@id\":\"https:\\\/\\\/www.analizteknik.com.tr\\\/?page_id=1862#primaryimage\"},\"image\":{\"@id\":\"https:\\\/\\\/www.analizteknik.com.tr\\\/?page_id=1862#primaryimage\"},\"thumbnailUrl\":\"https:\\\/\\\/www.analizteknik.com.tr\\\/wp-content\\\/uploads\\\/2025\\\/05\\\/analizteknik-giris-1024x823.jpeg\",\"datePublished\":\"2025-03-22T15:13:33+00:00\",\"dateModified\":\"2025-11-20T20:13:30+00:00\",\"breadcrumb\":{\"@id\":\"https:\\\/\\\/www.analizteknik.com.tr\\\/?page_id=1862#breadcrumb\"},\"inLanguage\":\"tr\",\"potentialAction\":[{\"@type\":\"ReadAction\",\"target\":[\"https:\\\/\\\/www.analizteknik.com.tr\\\/?page_id=1862\"]}]},{\"@type\":\"ImageObject\",\"inLanguage\":\"tr\",\"@id\":\"https:\\\/\\\/www.analizteknik.com.tr\\\/?page_id=1862#primaryimage\",\"url\":\"https:\\\/\\\/www.analizteknik.com.tr\\\/wp-content\\\/uploads\\\/2025\\\/05\\\/analizteknik-giris.jpeg\",\"contentUrl\":\"https:\\\/\\\/www.analizteknik.com.tr\\\/wp-content\\\/uploads\\\/2025\\\/05\\\/analizteknik-giris.jpeg\",\"width\":1166,\"height\":937},{\"@type\":\"BreadcrumbList\",\"@id\":\"https:\\\/\\\/www.analizteknik.com.tr\\\/?page_id=1862#breadcrumb\",\"itemListElement\":[{\"@type\":\"ListItem\",\"position\":1,\"name\":\"Anasayfa\",\"item\":\"https:\\\/\\\/www.analizteknik.com.tr\\\/\"},{\"@type\":\"ListItem\",\"position\":2,\"name\":\"\u0130LET\u0130\u015e\u0130M\"}]},{\"@type\":\"WebSite\",\"@id\":\"https:\\\/\\\/www.analizteknik.com.tr\\\/#website\",\"url\":\"https:\\\/\\\/www.analizteknik.com.tr\\\/\",\"name\":\"Analiz Teknik\",\"description\":\"Kombi - Klima - Beyaz e\u015fya Teknik Servisi\",\"publisher\":{\"@id\":\"https:\\\/\\\/www.analizteknik.com.tr\\\/#organization\"},\"potentialAction\":[{\"@type\":\"SearchAction\",\"target\":{\"@type\":\"EntryPoint\",\"urlTemplate\":\"https:\\\/\\\/www.analizteknik.com.tr\\\/?s={search_term_string}\"},\"query-input\":{\"@type\":\"PropertyValueSpecification\",\"valueRequired\":true,\"valueName\":\"search_term_string\"}}],\"inLanguage\":\"tr\"},{\"@type\":\"Organization\",\"@id\":\"https:\\\/\\\/www.analizteknik.com.tr\\\/#organization\",\"name\":\"Analiz Teknik\",\"url\":\"https:\\\/\\\/www.analizteknik.com.tr\\\/\",\"logo\":{\"@type\":\"ImageObject\",\"inLanguage\":\"tr\",\"@id\":\"https:\\\/\\\/www.analizteknik.com.tr\\\/#\\\/schema\\\/logo\\\/image\\\/\",\"url\":\"https:\\\/\\\/www.analizteknik.com.tr\\\/wp-content\\\/uploads\\\/2025\\\/03\\\/analiztekniklogo.png\",\"contentUrl\":\"https:\\\/\\\/www.analizteknik.com.tr\\\/wp-content\\\/uploads\\\/2025\\\/03\\\/analiztekniklogo.png\",\"width\":190,\"height\":61,\"caption\":\"Analiz Teknik\"},\"image\":{\"@id\":\"https:\\\/\\\/www.analizteknik.com.tr\\\/#\\\/schema\\\/logo\\\/image\\\/\"}}]}<\/script>\n<!-- \/ Yoast SEO plugin. -->","yoast_head_json":{"title":"\u0130LET\u0130\u015e\u0130M - Analiz Teknik","robots":{"index":"index","follow":"follow","max-snippet":"max-snippet:-1","max-image-preview":"max-image-preview:large","max-video-preview":"max-video-preview:-1"},"canonical":"https:\/\/www.analizteknik.com.tr\/?page_id=1862","og_locale":"tr_TR","og_type":"article","og_title":"\u0130LET\u0130\u015e\u0130M - Analiz Teknik","og_description":"B\u0130ZE ULA\u015eINIZ ANAL\u0130Z TEKN\u0130K BEYAZ E\u015eYA SERV\u0130S\u0130 Adres: Haznedar Mah. Cami sokak No: 51b 34160 G\u00fcng\u00f6ren \/ \u0130STANBUL Tel &amp;\u00a0 Fax:\u00a0(0212) 416 10 38 Gsm:\u00a0(0533) 616 41 00 WhatsApp:\u00a0(0533) 616 41 00 E-posta:\u00a0analizteknikservishizmetleri@gmail.com &nbsp; SERV\u0130S B\u00d6LGELER\u0130 Arnavutk\u00f6y Kombi ServisiAvc\u0131lar Kombi ServisiBa\u011fc\u0131lar Kombi ServisiBayrampa\u015fa Kombi ServisiBah\u00e7elievler Kombi ServisiBa\u015fak\u015fehir Kombi ServisiBah\u00e7e\u015fehir Kombi ServisiBak\u0131rk\u00f6y Kombi ServisiBeylikd\u00fcz\u00fc Kombi Servisi Beyo\u011flu Kombi ServisiBe\u015fikta\u015f Kombi ServisiB\u00fcy\u00fck\u00e7ekmece Kombi ServisiEsenler Kombi ServisiEsenyurt Kombi ServisiSar\u0131yer Kombi ServisiK\u00fc\u00e7\u00fck\u00e7ekmece Kombi ServisiKa\u011f\u0131thane Kombi ServisiG\u00fcng\u00f6ren Kombi Servisi Gaziosmanpa\u015fa Kombi ServisiFatih Kombi Servisi\u015ei\u015fli Kombi ServisiEy\u00fcp Kombi ServisiSultangazi Kombi ServisiZeytinburnu Kombi ServisiAta\u015fehir Kombi ServisiKad\u0131k\u00f6y Kombi ServisiMaltepe Kombi Servisi Beykoz Kombi ServisiSultanbeyli Kombi ServisiTuzla Kombi ServisiSancaktepe...","og_url":"https:\/\/www.analizteknik.com.tr\/?page_id=1862","og_site_name":"Analiz Teknik","article_modified_time":"2025-11-20T20:13:30+00:00","og_image":[{"url":"https:\/\/www.analizteknik.com.tr\/wp-content\/uploads\/2025\/05\/analizteknik-giris-1024x823.jpeg","type":"","width":"","height":""}],"twitter_card":"summary_large_image","twitter_misc":{"Tahmini okuma s\u00fcresi":"2 dakika"},"schema":{"@context":"https:\/\/schema.org","@graph":[{"@type":"WebPage","@id":"https:\/\/www.analizteknik.com.tr\/?page_id=1862","url":"https:\/\/www.analizteknik.com.tr\/?page_id=1862","name":"\u0130LET\u0130\u015e\u0130M - Analiz Teknik","isPartOf":{"@id":"https:\/\/www.analizteknik.com.tr\/#website"},"primaryImageOfPage":{"@id":"https:\/\/www.analizteknik.com.tr\/?page_id=1862#primaryimage"},"image":{"@id":"https:\/\/www.analizteknik.com.tr\/?page_id=1862#primaryimage"},"thumbnailUrl":"https:\/\/www.analizteknik.com.tr\/wp-content\/uploads\/2025\/05\/analizteknik-giris-1024x823.jpeg","datePublished":"2025-03-22T15:13:33+00:00","dateModified":"2025-11-20T20:13:30+00:00","breadcrumb":{"@id":"https:\/\/www.analizteknik.com.tr\/?page_id=1862#breadcrumb"},"inLanguage":"tr","potentialAction":[{"@type":"ReadAction","target":["https:\/\/www.analizteknik.com.tr\/?page_id=1862"]}]},{"@type":"ImageObject","inLanguage":"tr","@id":"https:\/\/www.analizteknik.com.tr\/?page_id=1862#primaryimage","url":"https:\/\/www.analizteknik.com.tr\/wp-content\/uploads\/2025\/05\/analizteknik-giris.jpeg","contentUrl":"https:\/\/www.analizteknik.com.tr\/wp-content\/uploads\/2025\/05\/analizteknik-giris.jpeg","width":1166,"height":937},{"@type":"BreadcrumbList","@id":"https:\/\/www.analizteknik.com.tr\/?page_id=1862#breadcrumb","itemListElement":[{"@type":"ListItem","position":1,"name":"Anasayfa","item":"https:\/\/www.analizteknik.com.tr\/"},{"@type":"ListItem","position":2,"name":"\u0130LET\u0130\u015e\u0130M"}]},{"@type":"WebSite","@id":"https:\/\/www.analizteknik.com.tr\/#website","url":"https:\/\/www.analizteknik.com.tr\/","name":"Analiz Teknik","description":"Kombi - Klima - Beyaz e\u015fya Teknik Servisi","publisher":{"@id":"https:\/\/www.analizteknik.com.tr\/#organization"},"potentialAction":[{"@type":"SearchAction","target":{"@type":"EntryPoint","urlTemplate":"https:\/\/www.analizteknik.com.tr\/?s={search_term_string}"},"query-input":{"@type":"PropertyValueSpecification","valueRequired":true,"valueName":"search_term_string"}}],"inLanguage":"tr"},{"@type":"Organization","@id":"https:\/\/www.analizteknik.com.tr\/#organization","name":"Analiz Teknik","url":"https:\/\/www.analizteknik.com.tr\/","logo":{"@type":"ImageObject","inLanguage":"tr","@id":"https:\/\/www.analizteknik.com.tr\/#\/schema\/logo\/image\/","url":"https:\/\/www.analizteknik.com.tr\/wp-content\/uploads\/2025\/03\/analiztekniklogo.png","contentUrl":"https:\/\/www.analizteknik.com.tr\/wp-content\/uploads\/2025\/03\/analiztekniklogo.png","width":190,"height":61,"caption":"Analiz Teknik"},"image":{"@id":"https:\/\/www.analizteknik.com.tr\/#\/schema\/logo\/image\/"}}]}},"_links":{"self":[{"href":"https:\/\/www.analizteknik.com.tr\/index.php?rest_route=\/wp\/v2\/pages\/1862","targetHints":{"allow":["GET"]}}],"collection":[{"href":"https:\/\/www.analizteknik.com.tr\/index.php?rest_route=\/wp\/v2\/pages"}],"about":[{"href":"https:\/\/www.analizteknik.com.tr\/index.php?rest_route=\/wp\/v2\/types\/page"}],"author":[{"embeddable":true,"href":"https:\/\/www.analizteknik.com.tr\/index.php?rest_route=\/wp\/v2\/users\/2"}],"replies":[{"embeddable":true,"href":"https:\/\/www.analizteknik.com.tr\/index.php?rest_route=%2Fwp%2Fv2%2Fcomments&post=1862"}],"version-history":[{"count":16,"href":"https:\/\/www.analizteknik.com.tr\/index.php?rest_route=\/wp\/v2\/pages\/1862\/revisions"}],"predecessor-version":[{"id":2271,"href":"https:\/\/www.analizteknik.com.tr\/index.php?rest_route=\/wp\/v2\/pages\/1862\/revisions\/2271"}],"wp:attachment":[{"href":"https:\/\/www.analizteknik.com.tr\/index.php?rest_route=%2Fwp%2Fv2%2Fmedia&parent=1862"}],"curies":[{"name":"wp","href":"https:\/\/api.w.org\/{rel}","templated":true}]}}