{"id":1875,"date":"2025-03-22T15:15:48","date_gmt":"2025-03-22T15:15:48","guid":{"rendered":"http:\/\/www.analizteknik.com.tr\/test\/?page_id=1875"},"modified":"2025-11-20T20:26:14","modified_gmt":"2025-11-20T20:26:14","slug":"kombi","status":"publish","type":"page","link":"https:\/\/www.analizteknik.com.tr\/?page_id=1875","title":{"rendered":"Kombi"},"content":{"rendered":"\t\t<div data-elementor-type=\"wp-page\" data-elementor-id=\"1875\" class=\"elementor elementor-1875\">\n\t\t\t\t<div class=\"elementor-element elementor-element-0eb7fa7 e-grid e-con-boxed e-con e-parent\" data-id=\"0eb7fa7\" data-element_type=\"container\" data-e-type=\"container\">\n\t\t\t\t\t<div class=\"e-con-inner\">\n\t\t\t\t<div class=\"elementor-element elementor-element-662d4c4 elementor-widget elementor-widget-text-editor\" data-id=\"662d4c4\" data-element_type=\"widget\" data-e-type=\"widget\" data-widget_type=\"text-editor.default\">\n\t\t\t\t<div class=\"elementor-widget-container\">\n\t\t\t\t\t\t\t\t\t<p><\/p>\n<p><strong>Kombi Teknik Servisi<\/strong><\/p>\n<p><\/p>\n<p><strong>Analiz Teknik Servisi<\/strong> olarak, kombi cihazlar\u0131n\u0131n \u0131s\u0131tmama gibi meydana gelen her t\u00fcrl\u00fc ar\u0131zalar\u0131n\u0131z i\u00e7in sizlere ayn\u0131 g\u00fcn i\u00e7erisinde profesyonel tamir hizmeti sunmaktay\u0131z.<\/p>\n<p><\/p>\n<p>Kombi, k\u0131\u015f aylar\u0131nda en \u00e7ok kullan\u0131lan ve g\u00fcvenli \u00e7al\u0131\u015fmas\u0131 gereken cihazlardan biridir. \u0130stanbul Beyaz E\u015fya Klima Kombi Servisi olarak, kombilerinizin performans\u0131n\u0131 art\u0131rmak ve enerji tasarrufu sa\u011flamak amac\u0131yla d\u00fczenli bak\u0131m ve onar\u0131m hizmetleri sunuyoruz.<\/p>\n<p><\/p>\n<p>Kombilerinizin markas\u0131 ne olursa olsun firmam\u0131z taraf\u0131nda her t\u00fcrl\u00fc yedek par\u00e7a sto\u011fumuz mevcuttur. Kombilerinizin ar\u0131zal\u0131 oldu\u011funuzdan \u015f\u00fcpheleniyorsan\u0131z hemen elektrik ve gaz ba\u011flant\u0131s\u0131n\u0131 kesmeniz \u00f6nerilmektedir.<\/p>\n<p><\/p>\n<p><strong>Kombi Teknik Servisi; &#8220;H\u0131zl\u0131 Servis G\u00fcvenli \u0130\u015f\u00e7ilik&#8221;<\/strong><\/p>\n<p><\/p>\t\t\t\t\t\t\t\t<\/div>\n\t\t\t\t<\/div>\n\t\t\t\t<div class=\"elementor-element elementor-element-6b4f30b elementor-widget elementor-widget-image\" data-id=\"6b4f30b\" data-element_type=\"widget\" data-e-type=\"widget\" data-widget_type=\"image.default\">\n\t\t\t\t<div class=\"elementor-widget-container\">\n\t\t\t\t\t\t\t\t\t\t\t\t\t\t\t<img fetchpriority=\"high\" decoding=\"async\" width=\"570\" height=\"380\" src=\"https:\/\/www.analizteknik.com.tr\/wp-content\/uploads\/2025\/04\/kombi-tamir.jpg\" class=\"attachment-large size-large wp-image-2192\" alt=\"\" srcset=\"https:\/\/www.analizteknik.com.tr\/wp-content\/uploads\/2025\/04\/kombi-tamir.jpg 570w, https:\/\/www.analizteknik.com.tr\/wp-content\/uploads\/2025\/04\/kombi-tamir-300x200.jpg 300w\" sizes=\"(max-width: 570px) 100vw, 570px\" \/>\t\t\t\t\t\t\t\t\t\t\t\t\t\t\t<\/div>\n\t\t\t\t<\/div>\n\t\t\t\t\t<\/div>\n\t\t\t\t<\/div>\n\t\t<div class=\"elementor-element elementor-element-49d1aace e-flex e-con-boxed e-con e-parent\" data-id=\"49d1aace\" data-element_type=\"container\" data-e-type=\"container\">\n\t\t\t\t\t<div class=\"e-con-inner\">\n\t\t\t\t<div class=\"elementor-element elementor-element-354a1be6 elementor-widget elementor-widget-text-editor\" data-id=\"354a1be6\" data-element_type=\"widget\" data-e-type=\"widget\" data-widget_type=\"text-editor.default\">\n\t\t\t\t<div class=\"elementor-widget-container\">\n\t\t\t\t\t\t\t\t\t\n<p><strong>Analiz Teknik Servis<\/strong> olarak \u0130stanbul genelinde kombi tamir ve bak\u0131m servisi olarak \u00f6zellikle evlerimizde kullan\u0131lan kombi cihazlar\u0131n\u0131z\u0131n tamiri konusunda uzmanla\u015fm\u0131\u015f personellerimizle g\u00fcn i\u00e7erisinde gelen servis taleplerine ayn\u0131 g\u00fcn ula\u015f\u0131yor ve sorunu gideriyoruz.<\/p>\n\n<p>18 y\u0131l\u0131 a\u015fk\u0131n s\u00fcredir kesintisiz sekt\u00f6r tecr\u00fcbemiz ve profesyonel kadromuz ile sizlere hizmet vermeye devam ediyoruz.<\/p>\n\n<p>Kombi teknik servisi olan firmam\u0131z G\u00fcng\u00f6ren ve \u00e7evre b\u00f6lgelerde ar\u0131za tamir ve bak\u0131m hizmetleri sunmaktad\u0131r. H\u0131zl\u0131 G\u00fcvenilir Teknik hizmet almak istiyorsan\u0131z bizleri arayabilirsiniz. Her marka kombi cihazlar\u0131n\u0131zda kar\u015f\u0131la\u015ft\u0131\u011f\u0131n\u0131z sorunlar\u0131n \u00e7\u00f6z\u00fcm\u00fc ve tamirat\u0131 i\u00e7in bizlere ba\u015fvurman\u0131z yeterli olacakt\u0131r.<\/p>\n\n<p><strong>Analiz Teknik<\/strong> servis sizlerin kullanm\u0131\u015f oldu\u011fu her marka ve model bula\u015f\u0131k makinesi, \u00e7ama\u015f\u0131r makinesi, buzdolab\u0131, klima, kombi ve k\u00fc\u00e7\u00fck ev aletlerinizin teknik ar\u0131zalar\u0131n\u0131 h\u0131zl\u0131 bir \u015fekilde orijinal par\u00e7alar ile de\u011fi\u015ftirerek tamir imk\u00e2n\u0131 sunmaktad\u0131r.<\/p>\n\n<p><strong>\u0130stanbul\u2019da Analiz Teknik Beyaz E\u015fya Klima Kombi Servisi olarak orijinal par\u00e7alar ve 1 y\u0131l garanti g\u00fcvencesiyle kombi cihazlar\u0131n\u0131z\u0131n performans\u0131n\u0131 ve \u00f6mr\u00fcn\u00fc art\u0131r\u0131yoruz.<\/strong><\/p>\n\n<p><strong>Analiz Teknik Beyaz E\u015fya Servisi<\/strong> olarak Bosch, Ar\u00e7elik, \u0392ek\u03bf, Siemens, Vestel, Regal, Altus, AEG Electrolux, Ariston ba\u015fta olmak \u00fczere t\u00fcm marka ve modellerin tamir, bak\u0131m, onar\u0131m i\u015flerini yapmaktay\u0131z.<\/p>\n\n<p><strong>Hizmet Sundu\u011fumuz B\u00f6lgeler<\/strong><\/p>\n\n<p><strong>Analiz Teknik Beyaz E\u015fya Servis;<\/strong> G\u00fcng\u00f6ren Beyaz E\u015fya Servisi olarak \u0130stanbul G\u00fcng\u00f6ren merkezli olarak G\u00fcng\u00f6ren ba\u015fta olmak \u00fczere, Bah\u00e7elievler, Ba\u011fc\u0131lar, Esenler, Zeytinburnu, Bak\u0131rk\u00f6y, Ba\u015fak\u015fehir, K\u00fc\u00e7\u00fck\u00e7ekmece vb. kom\u015fu il\u00e7elerimize servis hizmeti vermekteyiz.<\/p>\n\n<p><strong>Analiz Teknik Beyaz E\u015fya Servisi;<\/strong> 18 y\u0131l\u0131 a\u015fk\u0131n s\u00fcredir tecr\u00fcbemizle siz de\u011ferli m\u00fc\u015fterilerimize kaliteli ve g\u00fcvenilir hizmet sunmaktay\u0131z.<\/p>\n\n<p>Sizde <strong>Analiz Teknik Beyaz E\u015fya Servisi<\/strong>\u2019 dan teknik servis hizmeti almak istiyorsan\u0131z bizimle ileti\u015fime ge\u00e7meniz yeterlidir.<\/p>\n\t\t\t\t\t\t\t\t<\/div>\n\t\t\t\t<\/div>\n\t\t\t\t\t<\/div>\n\t\t\t\t<\/div>\n\t\t<div class=\"elementor-element elementor-element-563090f e-grid e-con-boxed e-con e-parent\" data-id=\"563090f\" data-element_type=\"container\" data-e-type=\"container\">\n\t\t\t\t\t<div class=\"e-con-inner\">\n\t\t\t\t<div class=\"elementor-element elementor-element-57741e8 elementor-widget elementor-widget-heading\" data-id=\"57741e8\" data-element_type=\"widget\" data-e-type=\"widget\" data-widget_type=\"heading.default\">\n\t\t\t\t<div class=\"elementor-widget-container\">\n\t\t\t\t\t<h2 class=\"elementor-heading-title elementor-size-default\">SERV\u0130S B\u00d6LGELER\u0130M\u0130Z<\/h2>\t\t\t\t<\/div>\n\t\t\t\t<\/div>\n\t\t\t\t\t<\/div>\n\t\t\t\t<\/div>\n\t\t<div class=\"elementor-element elementor-element-f294671 e-grid e-con-boxed e-con e-parent\" data-id=\"f294671\" data-element_type=\"container\" data-e-type=\"container\">\n\t\t\t\t\t<div class=\"e-con-inner\">\n\t\t\t\t<div class=\"elementor-element elementor-element-3971ad8 elementor-widget elementor-widget-text-editor\" data-id=\"3971ad8\" data-element_type=\"widget\" data-e-type=\"widget\" data-widget_type=\"text-editor.default\">\n\t\t\t\t<div class=\"elementor-widget-container\">\n\t\t\t\t\t\t\t\t\t<p>Arnavutk\u00f6y Kombi Servisi<br \/>Avc\u0131lar Kombi Servisi<br \/>Ba\u011fc\u0131lar Kombi Servisi<br \/>Bayrampa\u015fa Kombi Servisi<br \/>Bah\u00e7elievler Kombi Servisi<br \/>Ba\u015fak\u015fehir Kombi Servisi<br \/>Bah\u00e7e\u015fehir Kombi Servisi<br \/><a href=\"http:\/\/www.istanbulkombicisi.com\/bakirkoy\/\" target=\"_blank\" rel=\"noopener\">Bak\u0131rk\u00f6y Kombi Servisi<\/a><br \/>Beylikd\u00fcz\u00fc Kombi Servisi<\/p>\t\t\t\t\t\t\t\t<\/div>\n\t\t\t\t<\/div>\n\t\t\t\t<div class=\"elementor-element elementor-element-13ab4d1 elementor-widget elementor-widget-text-editor\" data-id=\"13ab4d1\" data-element_type=\"widget\" data-e-type=\"widget\" data-widget_type=\"text-editor.default\">\n\t\t\t\t<div class=\"elementor-widget-container\">\n\t\t\t\t\t\t\t\t\t<p>Beyo\u011flu Kombi Servisi<br \/>Be\u015fikta\u015f Kombi Servisi<br \/>B\u00fcy\u00fck\u00e7ekmece Kombi Servisi<br \/>Esenler Kombi Servisi<br \/>Esenyurt Kombi Servisi<br \/>Sar\u0131yer Kombi Servisi<br \/>K\u00fc\u00e7\u00fck\u00e7ekmece Kombi Servisi<br \/>Ka\u011f\u0131thane Kombi Servisi<br \/>G\u00fcng\u00f6ren Kombi Servisi<\/p>\t\t\t\t\t\t\t\t<\/div>\n\t\t\t\t<\/div>\n\t\t\t\t<div class=\"elementor-element elementor-element-37d816f elementor-widget elementor-widget-text-editor\" data-id=\"37d816f\" data-element_type=\"widget\" data-e-type=\"widget\" data-widget_type=\"text-editor.default\">\n\t\t\t\t<div class=\"elementor-widget-container\">\n\t\t\t\t\t\t\t\t\t<p>Gaziosmanpa\u015fa Kombi Servisi<br \/>Fatih Kombi Servisi<br \/>\u015ei\u015fli Kombi Servisi<br \/>Ey\u00fcp Kombi Servisi<br \/>Sultangazi Kombi Servisi<br \/>Zeytinburnu Kombi Servisi<br \/>Ata\u015fehir Kombi Servisi<br \/>Kad\u0131k\u00f6y Kombi Servisi<br \/>Maltepe Kombi Servisi<\/p>\t\t\t\t\t\t\t\t<\/div>\n\t\t\t\t<\/div>\n\t\t\t\t<div class=\"elementor-element elementor-element-a80cfe4 elementor-widget elementor-widget-text-editor\" data-id=\"a80cfe4\" data-element_type=\"widget\" data-e-type=\"widget\" data-widget_type=\"text-editor.default\">\n\t\t\t\t<div class=\"elementor-widget-container\">\n\t\t\t\t\t\t\t\t\t<p>Beykoz Kombi Servisi<br \/>Sultanbeyli Kombi Servisi<br \/>Tuzla Kombi Servisi<br \/>Sancaktepe Kombi Servisi<br \/>Kartal Kombi Servisi<br \/>Pendik Kombi Servisi<br \/>\u00c7ekmek\u00f6y Kombi Servisi<br \/>\u00dcsk\u00fcdar Kombi Servisi<br \/>\u00dcmraniye Kombi Servisi<\/p>\t\t\t\t\t\t\t\t<\/div>\n\t\t\t\t<\/div>\n\t\t\t\t\t<\/div>\n\t\t\t\t<\/div>\n\t\t\t\t<\/div>\n\t\t","protected":false},"excerpt":{"rendered":"<p>Kombi Teknik Servisi Analiz Teknik Servisi olarak, kombi cihazlar\u0131n\u0131n \u0131s\u0131tmama gibi meydana gelen her t\u00fcrl\u00fc ar\u0131zalar\u0131n\u0131z i\u00e7in sizlere ayn\u0131 g\u00fcn i\u00e7erisinde profesyonel tamir hizmeti sunmaktay\u0131z. Kombi, k\u0131\u015f aylar\u0131nda en \u00e7ok kullan\u0131lan ve g\u00fcvenli \u00e7al\u0131\u015fmas\u0131 gereken cihazlardan biridir. \u0130stanbul Beyaz E\u015fya Klima Kombi Servisi olarak, kombilerinizin performans\u0131n\u0131 art\u0131rmak ve enerji tasarrufu sa\u011flamak amac\u0131yla d\u00fczenli bak\u0131m ve onar\u0131m hizmetleri sunuyoruz. Kombilerinizin markas\u0131 ne olursa olsun firmam\u0131z taraf\u0131nda her t\u00fcrl\u00fc yedek par\u00e7a sto\u011fumuz mevcuttur. Kombilerinizin ar\u0131zal\u0131 oldu\u011funuzdan \u015f\u00fcpheleniyorsan\u0131z hemen elektrik ve gaz ba\u011flant\u0131s\u0131n\u0131 kesmeniz \u00f6nerilmektedir. Kombi Teknik Servisi; &#8220;H\u0131zl\u0131 Servis G\u00fcvenli \u0130\u015f\u00e7ilik&#8221; Analiz Teknik Servis olarak \u0130stanbul genelinde kombi tamir ve bak\u0131m servisi&#8230; <\/p>\n","protected":false},"author":2,"featured_media":0,"parent":0,"menu_order":0,"comment_status":"closed","ping_status":"closed","template":"template-parts\/template-full-width.php","meta":{"_joinchat":[],"footnotes":""},"class_list":["post-1875","page","type-page","status-publish","hentry"],"yoast_head":"<!-- This site is optimized with the Yoast SEO plugin v27.4 - https:\/\/yoast.com\/product\/yoast-seo-wordpress\/ -->\n<title>Kombi - Analiz Teknik<\/title>\n<meta name=\"robots\" content=\"index, follow, max-snippet:-1, max-image-preview:large, max-video-preview:-1\" \/>\n<link rel=\"canonical\" href=\"https:\/\/www.analizteknik.com.tr\/?page_id=1875\" \/>\n<meta property=\"og:locale\" content=\"tr_TR\" \/>\n<meta property=\"og:type\" content=\"article\" \/>\n<meta property=\"og:title\" content=\"Kombi - Analiz Teknik\" \/>\n<meta property=\"og:description\" content=\"Kombi Teknik Servisi Analiz Teknik Servisi olarak, kombi cihazlar\u0131n\u0131n \u0131s\u0131tmama gibi meydana gelen her t\u00fcrl\u00fc ar\u0131zalar\u0131n\u0131z i\u00e7in sizlere ayn\u0131 g\u00fcn i\u00e7erisinde profesyonel tamir hizmeti sunmaktay\u0131z. Kombi, k\u0131\u015f aylar\u0131nda en \u00e7ok kullan\u0131lan ve g\u00fcvenli \u00e7al\u0131\u015fmas\u0131 gereken cihazlardan biridir. \u0130stanbul Beyaz E\u015fya Klima Kombi Servisi olarak, kombilerinizin performans\u0131n\u0131 art\u0131rmak ve enerji tasarrufu sa\u011flamak amac\u0131yla d\u00fczenli bak\u0131m ve onar\u0131m hizmetleri sunuyoruz. Kombilerinizin markas\u0131 ne olursa olsun firmam\u0131z taraf\u0131nda her t\u00fcrl\u00fc yedek par\u00e7a sto\u011fumuz mevcuttur. Kombilerinizin ar\u0131zal\u0131 oldu\u011funuzdan \u015f\u00fcpheleniyorsan\u0131z hemen elektrik ve gaz ba\u011flant\u0131s\u0131n\u0131 kesmeniz \u00f6nerilmektedir. Kombi Teknik Servisi; &#8220;H\u0131zl\u0131 Servis G\u00fcvenli \u0130\u015f\u00e7ilik&#8221; Analiz Teknik Servis olarak \u0130stanbul genelinde kombi tamir ve bak\u0131m servisi...\" \/>\n<meta property=\"og:url\" content=\"https:\/\/www.analizteknik.com.tr\/?page_id=1875\" \/>\n<meta property=\"og:site_name\" content=\"Analiz Teknik\" \/>\n<meta property=\"article:modified_time\" content=\"2025-11-20T20:26:14+00:00\" \/>\n<meta property=\"og:image\" content=\"https:\/\/www.analizteknik.com.tr\/wp-content\/uploads\/2025\/04\/kombi-tamir.jpg\" \/>\n<meta name=\"twitter:card\" content=\"summary_large_image\" \/>\n<meta name=\"twitter:label1\" content=\"Tahmini okuma s\u00fcresi\" \/>\n\t<meta name=\"twitter:data1\" content=\"3 dakika\" \/>\n<script type=\"application\/ld+json\" class=\"yoast-schema-graph\">{\"@context\":\"https:\\\/\\\/schema.org\",\"@graph\":[{\"@type\":\"WebPage\",\"@id\":\"https:\\\/\\\/www.analizteknik.com.tr\\\/?page_id=1875\",\"url\":\"https:\\\/\\\/www.analizteknik.com.tr\\\/?page_id=1875\",\"name\":\"Kombi - Analiz Teknik\",\"isPartOf\":{\"@id\":\"https:\\\/\\\/www.analizteknik.com.tr\\\/#website\"},\"primaryImageOfPage\":{\"@id\":\"https:\\\/\\\/www.analizteknik.com.tr\\\/?page_id=1875#primaryimage\"},\"image\":{\"@id\":\"https:\\\/\\\/www.analizteknik.com.tr\\\/?page_id=1875#primaryimage\"},\"thumbnailUrl\":\"https:\\\/\\\/www.analizteknik.com.tr\\\/wp-content\\\/uploads\\\/2025\\\/04\\\/kombi-tamir.jpg\",\"datePublished\":\"2025-03-22T15:15:48+00:00\",\"dateModified\":\"2025-11-20T20:26:14+00:00\",\"breadcrumb\":{\"@id\":\"https:\\\/\\\/www.analizteknik.com.tr\\\/?page_id=1875#breadcrumb\"},\"inLanguage\":\"tr\",\"potentialAction\":[{\"@type\":\"ReadAction\",\"target\":[\"https:\\\/\\\/www.analizteknik.com.tr\\\/?page_id=1875\"]}]},{\"@type\":\"ImageObject\",\"inLanguage\":\"tr\",\"@id\":\"https:\\\/\\\/www.analizteknik.com.tr\\\/?page_id=1875#primaryimage\",\"url\":\"https:\\\/\\\/www.analizteknik.com.tr\\\/wp-content\\\/uploads\\\/2025\\\/04\\\/kombi-tamir.jpg\",\"contentUrl\":\"https:\\\/\\\/www.analizteknik.com.tr\\\/wp-content\\\/uploads\\\/2025\\\/04\\\/kombi-tamir.jpg\",\"width\":570,\"height\":380},{\"@type\":\"BreadcrumbList\",\"@id\":\"https:\\\/\\\/www.analizteknik.com.tr\\\/?page_id=1875#breadcrumb\",\"itemListElement\":[{\"@type\":\"ListItem\",\"position\":1,\"name\":\"Anasayfa\",\"item\":\"https:\\\/\\\/www.analizteknik.com.tr\\\/\"},{\"@type\":\"ListItem\",\"position\":2,\"name\":\"Kombi\"}]},{\"@type\":\"WebSite\",\"@id\":\"https:\\\/\\\/www.analizteknik.com.tr\\\/#website\",\"url\":\"https:\\\/\\\/www.analizteknik.com.tr\\\/\",\"name\":\"Analiz Teknik\",\"description\":\"Kombi - Klima - Beyaz e\u015fya Teknik Servisi\",\"publisher\":{\"@id\":\"https:\\\/\\\/www.analizteknik.com.tr\\\/#organization\"},\"potentialAction\":[{\"@type\":\"SearchAction\",\"target\":{\"@type\":\"EntryPoint\",\"urlTemplate\":\"https:\\\/\\\/www.analizteknik.com.tr\\\/?s={search_term_string}\"},\"query-input\":{\"@type\":\"PropertyValueSpecification\",\"valueRequired\":true,\"valueName\":\"search_term_string\"}}],\"inLanguage\":\"tr\"},{\"@type\":\"Organization\",\"@id\":\"https:\\\/\\\/www.analizteknik.com.tr\\\/#organization\",\"name\":\"Analiz Teknik\",\"url\":\"https:\\\/\\\/www.analizteknik.com.tr\\\/\",\"logo\":{\"@type\":\"ImageObject\",\"inLanguage\":\"tr\",\"@id\":\"https:\\\/\\\/www.analizteknik.com.tr\\\/#\\\/schema\\\/logo\\\/image\\\/\",\"url\":\"https:\\\/\\\/www.analizteknik.com.tr\\\/wp-content\\\/uploads\\\/2025\\\/03\\\/analiztekniklogo.png\",\"contentUrl\":\"https:\\\/\\\/www.analizteknik.com.tr\\\/wp-content\\\/uploads\\\/2025\\\/03\\\/analiztekniklogo.png\",\"width\":190,\"height\":61,\"caption\":\"Analiz Teknik\"},\"image\":{\"@id\":\"https:\\\/\\\/www.analizteknik.com.tr\\\/#\\\/schema\\\/logo\\\/image\\\/\"}}]}<\/script>\n<!-- \/ Yoast SEO plugin. -->","yoast_head_json":{"title":"Kombi - Analiz Teknik","robots":{"index":"index","follow":"follow","max-snippet":"max-snippet:-1","max-image-preview":"max-image-preview:large","max-video-preview":"max-video-preview:-1"},"canonical":"https:\/\/www.analizteknik.com.tr\/?page_id=1875","og_locale":"tr_TR","og_type":"article","og_title":"Kombi - Analiz Teknik","og_description":"Kombi Teknik Servisi Analiz Teknik Servisi olarak, kombi cihazlar\u0131n\u0131n \u0131s\u0131tmama gibi meydana gelen her t\u00fcrl\u00fc ar\u0131zalar\u0131n\u0131z i\u00e7in sizlere ayn\u0131 g\u00fcn i\u00e7erisinde profesyonel tamir hizmeti sunmaktay\u0131z. Kombi, k\u0131\u015f aylar\u0131nda en \u00e7ok kullan\u0131lan ve g\u00fcvenli \u00e7al\u0131\u015fmas\u0131 gereken cihazlardan biridir. \u0130stanbul Beyaz E\u015fya Klima Kombi Servisi olarak, kombilerinizin performans\u0131n\u0131 art\u0131rmak ve enerji tasarrufu sa\u011flamak amac\u0131yla d\u00fczenli bak\u0131m ve onar\u0131m hizmetleri sunuyoruz. Kombilerinizin markas\u0131 ne olursa olsun firmam\u0131z taraf\u0131nda her t\u00fcrl\u00fc yedek par\u00e7a sto\u011fumuz mevcuttur. Kombilerinizin ar\u0131zal\u0131 oldu\u011funuzdan \u015f\u00fcpheleniyorsan\u0131z hemen elektrik ve gaz ba\u011flant\u0131s\u0131n\u0131 kesmeniz \u00f6nerilmektedir. Kombi Teknik Servisi; &#8220;H\u0131zl\u0131 Servis G\u00fcvenli \u0130\u015f\u00e7ilik&#8221; Analiz Teknik Servis olarak \u0130stanbul genelinde kombi tamir ve bak\u0131m servisi...","og_url":"https:\/\/www.analizteknik.com.tr\/?page_id=1875","og_site_name":"Analiz Teknik","article_modified_time":"2025-11-20T20:26:14+00:00","og_image":[{"url":"https:\/\/www.analizteknik.com.tr\/wp-content\/uploads\/2025\/04\/kombi-tamir.jpg","type":"","width":"","height":""}],"twitter_card":"summary_large_image","twitter_misc":{"Tahmini okuma s\u00fcresi":"3 dakika"},"schema":{"@context":"https:\/\/schema.org","@graph":[{"@type":"WebPage","@id":"https:\/\/www.analizteknik.com.tr\/?page_id=1875","url":"https:\/\/www.analizteknik.com.tr\/?page_id=1875","name":"Kombi - Analiz Teknik","isPartOf":{"@id":"https:\/\/www.analizteknik.com.tr\/#website"},"primaryImageOfPage":{"@id":"https:\/\/www.analizteknik.com.tr\/?page_id=1875#primaryimage"},"image":{"@id":"https:\/\/www.analizteknik.com.tr\/?page_id=1875#primaryimage"},"thumbnailUrl":"https:\/\/www.analizteknik.com.tr\/wp-content\/uploads\/2025\/04\/kombi-tamir.jpg","datePublished":"2025-03-22T15:15:48+00:00","dateModified":"2025-11-20T20:26:14+00:00","breadcrumb":{"@id":"https:\/\/www.analizteknik.com.tr\/?page_id=1875#breadcrumb"},"inLanguage":"tr","potentialAction":[{"@type":"ReadAction","target":["https:\/\/www.analizteknik.com.tr\/?page_id=1875"]}]},{"@type":"ImageObject","inLanguage":"tr","@id":"https:\/\/www.analizteknik.com.tr\/?page_id=1875#primaryimage","url":"https:\/\/www.analizteknik.com.tr\/wp-content\/uploads\/2025\/04\/kombi-tamir.jpg","contentUrl":"https:\/\/www.analizteknik.com.tr\/wp-content\/uploads\/2025\/04\/kombi-tamir.jpg","width":570,"height":380},{"@type":"BreadcrumbList","@id":"https:\/\/www.analizteknik.com.tr\/?page_id=1875#breadcrumb","itemListElement":[{"@type":"ListItem","position":1,"name":"Anasayfa","item":"https:\/\/www.analizteknik.com.tr\/"},{"@type":"ListItem","position":2,"name":"Kombi"}]},{"@type":"WebSite","@id":"https:\/\/www.analizteknik.com.tr\/#website","url":"https:\/\/www.analizteknik.com.tr\/","name":"Analiz Teknik","description":"Kombi - Klima - Beyaz e\u015fya Teknik Servisi","publisher":{"@id":"https:\/\/www.analizteknik.com.tr\/#organization"},"potentialAction":[{"@type":"SearchAction","target":{"@type":"EntryPoint","urlTemplate":"https:\/\/www.analizteknik.com.tr\/?s={search_term_string}"},"query-input":{"@type":"PropertyValueSpecification","valueRequired":true,"valueName":"search_term_string"}}],"inLanguage":"tr"},{"@type":"Organization","@id":"https:\/\/www.analizteknik.com.tr\/#organization","name":"Analiz Teknik","url":"https:\/\/www.analizteknik.com.tr\/","logo":{"@type":"ImageObject","inLanguage":"tr","@id":"https:\/\/www.analizteknik.com.tr\/#\/schema\/logo\/image\/","url":"https:\/\/www.analizteknik.com.tr\/wp-content\/uploads\/2025\/03\/analiztekniklogo.png","contentUrl":"https:\/\/www.analizteknik.com.tr\/wp-content\/uploads\/2025\/03\/analiztekniklogo.png","width":190,"height":61,"caption":"Analiz Teknik"},"image":{"@id":"https:\/\/www.analizteknik.com.tr\/#\/schema\/logo\/image\/"}}]}},"_links":{"self":[{"href":"https:\/\/www.analizteknik.com.tr\/index.php?rest_route=\/wp\/v2\/pages\/1875","targetHints":{"allow":["GET"]}}],"collection":[{"href":"https:\/\/www.analizteknik.com.tr\/index.php?rest_route=\/wp\/v2\/pages"}],"about":[{"href":"https:\/\/www.analizteknik.com.tr\/index.php?rest_route=\/wp\/v2\/types\/page"}],"author":[{"embeddable":true,"href":"https:\/\/www.analizteknik.com.tr\/index.php?rest_route=\/wp\/v2\/users\/2"}],"replies":[{"embeddable":true,"href":"https:\/\/www.analizteknik.com.tr\/index.php?rest_route=%2Fwp%2Fv2%2Fcomments&post=1875"}],"version-history":[{"count":7,"href":"https:\/\/www.analizteknik.com.tr\/index.php?rest_route=\/wp\/v2\/pages\/1875\/revisions"}],"predecessor-version":[{"id":2276,"href":"https:\/\/www.analizteknik.com.tr\/index.php?rest_route=\/wp\/v2\/pages\/1875\/revisions\/2276"}],"wp:attachment":[{"href":"https:\/\/www.analizteknik.com.tr\/index.php?rest_route=%2Fwp%2Fv2%2Fmedia&parent=1875"}],"curies":[{"name":"wp","href":"https:\/\/api.w.org\/{rel}","templated":true}]}}